rime factors of 226102230?
2, 3, 5, 1409, 1783
List the prime factors of 86561196.
2, 3, 61, 118253
What are the prime factors of 411549350?
2, 5, 23, 89, 4021
List the prime factors of 777484276.
2, 421, 461689
What are the prime factors of 760305061?
760305061
What are the prime factors of 78837455?
5, 15767491
What are the prime factors of 571452546?
2, 3, 7, 101, 107, 1259
List the prime factors of 23439190.
2, 5, 149, 15731
What are the prime factors of 56250976?
2, 109, 16127
What are the prime factors of 7958666812?
2, 1989666703
What are the prime factors of 86411372?
2, 199, 108557
List the prime factors of 42708080.
2, 5, 17, 31, 1013
What are the prime factors of 1006509786?
2, 3, 17, 29, 340267
What are the prime factors of 458259859?
458259859
List the prime factors of 32294217.
3, 47, 229037
List the prime factors of 1487923940.
2, 5, 67, 16573
What are the prime factors of 146240066?
2, 7, 10445719
What are the prime factors of 87224627?
7, 12460661
What are the prime factors of 332252118?
2, 3, 11, 47, 3967
List the prime factors of 64930460.
2, 5, 7, 179, 2591
What are the prime factors of 369253589?
283, 1304783
List the prime factors of 1779250108.
2, 29, 15338363
What are the prime factors of 4222796185?
5, 844559237
What are the prime factors of 1259071469?
8641, 145709
List the prime factors of 197575136.
2, 11, 571, 983
List the prime factors of 632406251.
6947, 91033
List the prime factors of 369647859.
3, 7, 17602279
What are the prime factors of 527810687?
527810687
What are the prime factors of 2742311644?
2, 685577911
What are the prime factors of 154042392?
2, 3, 7, 59, 15541
What are the prime factors of 2589719707?
23, 2719, 41411
What are the prime factors of 11021454?
2, 3, 204101
What are the prime factors of 415354155?
3, 5, 19, 163, 8941
List the prime factors of 43048239.
3, 13, 577, 1913
What are the prime factors of 1082960196?
2, 3, 90246683
What are the prime factors of 2714733079?
23, 118031873
What are the prime factors of 6845607576?
2, 3, 23, 4133821
What are the prime factors of 986771405?
5, 6073, 32497
List the prime factors of 362307368.
2, 45288421
What are the prime factors of 33635488?
2, 449, 2341
What are the prime factors of 2126703229?
7, 4007, 75821
List the prime factors of 383268766.
2, 2251, 85133
List the prime factors of 63940576.
2, 7, 131, 2179
List the prime factors of 83951349.
3, 27983783
What are the prime factors of 18958345?
5, 7, 223, 347
What are the prime factors of 1937925410?
2, 5, 193792541
List the prime factors of 475165758.
2, 3, 257, 308149
List the prime factors of 100091351.
100091351
What are the prime factors of 837135928?
2, 173, 604867
What are the prime factors of 119982780?
2, 3, 5, 239, 2789
What are the prime factors of 458961361?
458961361
List the prime factors of 1837043240.
2, 5, 3929, 11689
List the prime factors of 269677002.
2, 3, 7, 6420881
What are the prime factors of 84694035?
3, 5, 5646269
List the prime factors of 528841410.
2, 3, 5, 701, 25147
List the prime factors of 266331895.
5, 43, 1109, 1117
List the prime factors of 1841267032.
2, 11, 41, 179, 2851
List the prime factors of 103453654.
2, 173, 298999
List the prime factors of 7058847936.
2, 3, 7, 23, 228353
List the prime factors of 137158858.
2, 41, 1229, 1361
What are the prime factors of 333706425?
3, 5, 13, 23, 647
List the prime factors of 43227290.
2, 5, 827, 5227
List the prime factors of 1772440148.
2, 443110037
List the prime factors of 689260025.
5, 27570401
What are the prime factors of 101923384?
2, 12740423
What are the prime factors of 109349755?
5, 21869951
List the prime factors of 3488174975.
5, 71, 157, 12517
List the prime factors of 390653583.
3, 130217861
List the prime factors of 21161938.
2, 7, 29, 47, 1109
List the prime factors of 580748971.
11, 5449, 9689
What are the prime factors of 651100455?
3, 5, 19, 761521
What are the prime factors of 253461118?
2, 126730559
List the prime factors of 63997933.
109, 587137
What are the prime factors of 55452859?
7, 11, 102881
What are the prime factors of 181050503?
23, 7871761
List the prime factors of 1520256737.
23, 2549, 25931
List the prime factors of 164870290.
2, 5, 13, 1268233
What are the prime factors of 339883823?
131, 2594533
List the prime factors of 686965239.
3, 31, 820747
What are the prime factors of 7238477?
1549, 4673
What are the prime factors of 6976025992?
2, 13, 67077173
List the prime factors of 137044478.
2, 68522239
List the prime factors of 174470723.
7, 508661
List the prime factors of 86139529.
7, 181, 67987
What are the prime factors of 520076544?
2, 3, 13, 4007
What are the prime factors of 2039609360?
2, 5, 79, 181, 1783
What are the prime factors of 3485786288?
2, 217861643
What are the prime factors of 433148869?
433148869
What are the prime factors of 544658078?
2, 23, 11840393
What are the prime factors of 116333620?
2, 5, 13, 257, 1741
List the prime factors of 4596093352.
2, 15569, 36901
What are the prime factors of 73563426?
2, 3, 331, 12347
What are the prime factors of 267817290?
2, 3, 5, 13, 23, 73, 409
List the prime factors of 48664879.
37, 443, 2969
What are the prime factors of 728630428?
2, 182157607
What are the prime factors of 1450336260?
2, 3, 5, 73, 331127
List the prime factors of 71759525.
5, 1223, 2347
List the prime factors of 8456073307.
11, 179, 521, 8243
List the prime factors of 124634034.
2, 3, 7, 19, 79, 659
List the prime factors of 338473028.
2, 2281, 37097
What are the prime factors of 8948638?
2, 97, 193, 239
What are the prime factors of 550578004?
2, 137644501
List the prime factors of 70324320.
2, 3, 5, 11, 19, 701
What are the prime factors of 1438510507?
7, 1987, 103423
List the prime factors of 2118321944.
2, 3673, 72091
List the prime factors of 4551174159.
3, 7, 17, 37, 127, 2713
What are the prime factors of 125374079?
7481, 16759
What are the prime factors of 48363555?
3, 5, 17, 189661
What are the prime factors of 387051152?
2, 41, 109, 5413
List the prime factors of 2341582559.
53, 1759, 25117
What are the prime factors of 96871572?
2, 3, 7, 97, 1321
What are the prime factors of 9768610?
2, 5, 577, 1693
What are the prime factors of 2259147533?
4679, 482827
What are the prime factors of 3095315320?
2, 5, 77382883
List the prime factors of 80341532.
2, 20085383
List the prime factors of 631290796.
2, 59, 2674961
List the prime factors of 49811075.
5, 61, 89, 367
List the prime factors of 566070128.
2, 13, 769, 3539
List the prime factors of 80786211.
3, 11, 2448067
List the prime factors of 293683500.
2, 3, 5, 11, 17, 349
List the prime factors of 46700953.
13, 276337
What are the prime factors of 55745783?
55745783
What are the prime factors of 525301049?
7, 13, 5772539
List the prime factors of 125764106.
2, 13, 541, 8941
What are the prime factors of 19435425?
3, 5, 479, 541
What are the prime factors of 57553737?
3, 43, 67, 6659
What are the prime factors of 100761878?
2, 7, 37, 194521
List the prime factors of 4952257709.
7, 17, 487, 85453
List the prime factors of 1189551892.
2, 71, 983, 4261
List the prime factors of 775331716.
2, 17, 61, 186917
List the prime factors of 173663222.
2, 86831611
What are the prime factors of 102795824?
2, 211, 30449
What are the prime factors of 64839166?
2, 7, 31, 149399
What are the prime factors of 4525354115?
5, 31, 29195833
List the prime factors of 4192917392.
2, 262057337
What are the prime factors of 3187165036?
2, 11, 72435569
List the prime factors of 45387902.
2, 7, 41, 107, 739
List the prime factors of 13484015.
5, 19, 141937
What are the prime factors of 631631327?
5059, 124853
What are the prime factors of 75078731?
7, 13, 43, 2741
What are the prime factors of 1433529608?
2, 7, 59, 433877
List the prime factors of 1373251019.
7, 59, 83, 97
List the prime factors of 10877172.
2, 3, 906431
List the prime factors of 611453091.
3, 23, 101, 87739
What are the prime factors of 85086873?
3, 47, 201151
List the prime factors of 187330180.
2, 5, 409, 22901
What are the prime factors of 98585613?
3, 7, 23, 22679
List the prime factors of 318340964.
2, 47, 1693303
List the prime factors of 54799598.
2, 7, 3914257
List the prime factors of 549345388.
2, 41, 3349667
What are the prime factors of 1